u - -222. Suppose c - v = -c. What are the prime factors of c?
59
Suppose -6*a + 3*a = 2*k - 34621, 11512 = a - 5*k. What are the prime factors of a?
83, 139
Suppose 38*f - 495 = 1177. What are the prime factors of 11/f + (-3897)/(-12)?
5, 13
Let p(g) = 1611*g**2 - 112*g - 12. List the prime factors of p(4).
2, 6329
Let c(k) = 27*k + 16. Let d(l) be the third derivative of l**5/60 - 11*l**4/24 - 7*l**3/6 + 19*l**2. Let j be d(12). List the prime factors of c(j).
151
Let m = -253914 - -169770. What are the prime factors of m/(-54) + (-22)/99?
2, 19, 41
Let n(w) = -2*w**3 - 14*w**2 - 8*w + 9. Let t be n(-9). Let a = t - 141. What are the prime factors of a?
2, 3, 11
Let a = -4545 + 2535. Let l = a + 2832. What are the prime factors of l?
2, 3, 137
Suppose -38*i + 2788373 = 27*i + 310443. List the prime factors of i.
2, 7, 389
Let i(q) = 6*q**3 - 81*q**2 + 136*q + 49. Let r(c) = c**3 - 16*c**2 + 27*c + 10. Let l(g) = -2*i(g) + 11*r(g). What are the prime factors of l(-17)?
2, 227
Let r be 2744/10 - (-12)/(-30). Let p = 128 - 286. Let j = p + r. What are the prime factors of j?
2, 29
What are the prime factors of -4 + 252187/10 - (-123)/410?
3, 5, 41
Let i be (-9)/(-2 + 3)*11. Let v = -69 - i. List the prime factors of (-1)/2*(-2 - 4*v).
61
Let o(t) = 47*t**2 - 4*t - 5. Let f be o(-3). Suppose -432*v = -f*v - 262. List the prime factors of v.
131
Suppose n = 5*n + 3*c + 195, -5*n = -3*c + 210. Let h = n + 52. Suppose -500 = -3*m + g, 5*g = -2*m + h*g + 332. What are the prime factors of m?
167
Let w(q) = 2793*q**2 - 7*q - 14. List the prime factors of w(-2).
2, 3, 7, 19
Let i = -3412 - -6546. Let k = -1408 + i. What are the prime factors of k?
2, 863
Let g(i) be the first derivative of 11*i**2 - 9*i - 21. Let a be g(6). Suppose -4 - 16 = 5*n, -h = n - a. List the prime factors of h.
127
Suppose 8 + 2 = 5*m. List the prime factors of -1 + ((-882)/(-7))/m.
2, 31
Let f(m) = 2*m**2 + 6*m + 4. Let p be f(-4). What are the prime factors of (p/5)/(-1)*(-99 + -21)?
2, 3
Let r(h) = h**3 + h**2 + 13*h - 12. Let l(m) = -m**3 + 34*m**2 - 32*m - 25. Let u be l(33). What are the prime factors of r(u)?
2, 167
Let o be (-150)/(-70)*2 - 2/7. Suppose u - 1010 = -o*u. What are the prime factors of u?
2, 101
Let u(t) = 34*t**2 - 41*t + 114. What are the prime factors of u(13)?
7, 761
Suppose -6*l - 199 = -5*j - 5*l, -4*j - l = -161. What are the prime factors of j?
2, 5
Let f = -2174 - -40598. List the prime factors of f.
2, 3, 1601
Suppose -4*t - 9611 = -2655. Let m = -371 - t. What are the prime factors of m?
2, 3, 19
Let t be (518232/(-65))/(-6) - (-4)/(-5). Suppose -z - 458 = -t. List the prime factors of z.
2, 3, 5, 29
Suppose -1 = 4*n - 41. Suppose 2*b - 3*k = -22, 0*k + n = 2*b + 5*k. List the prime factors of 1 - -3 - -126 - b.
3, 5
Let w be -70*7/154 - (-2)/11. What are the prime factors of ((-53)/(-3))/(w/63*-7)?
53
Suppose 3*m + 28711 = 2*f, 0 = 5*f - 3*m + 7*m - 71697. List the prime factors of f.
5, 19, 151
Let s = 61 + -48. Suppose 3*z - s + 13 = 0. Suppose -3*x + 424 = 5*o - z*x, 2*x + 326 = 4*o. List the prime factors of o.
83
Suppose 225*h - 5490672 = -39*h. List the prime factors of h.
2, 10399
Suppose -73451 = -11*p + 27940 + 106652. List the prime factors of p.
18913
Let a be (756/8)/(-7)*(-144)/2. Suppose 78*h = 76*h + a. What are the prime factors of h?
2, 3
Suppose 335076 + 147600 = 38*m. List the prime factors of m.
2, 3, 29, 73
Let l(v) be the first derivative of -v**3/3 - v**2/2 + 195*v + 45. What are the prime factors of l(0)?
3, 5, 13
Let f = 3664 - 1690. What are the prime factors of f?
2, 3, 7, 47
Suppose -5 = -8*x + 6*x + s, -x - 2 = 4*s. Let m(j) = 338*j**2 - 161*j**2 - 34 + 14*j - 169*j**x. List the prime factors of m(4).
2, 3, 5
Let o(t) = 67*t - 10. Let a be o(-1). Let w = a + 105. What are the prime factors of w?
2, 7
Suppose 0 = -8*m + 15*m - 28. Suppose -m*h - 5*o + 959 = 0, o + 129 - 1108 = -4*h. What are the prime factors of h?
2, 3, 41
Suppose 5*r = 5*c - 10, 4*c - 7*c + 4 = -r. Let l be 1/4 - (-135)/(-60) - c. What are the prime factors of (-434)/(-3)*(-1)/2*l?
7, 31
Suppose -1340592 = -35*q - 6*q - 25*q. List the prime factors of q.
2, 2539
Let a(v) be the second derivative of -191*v**5/10 + v**4/6 + v**3/6 - v**2/2 + v - 67. What are the prime factors of a(-1)?
2, 191
Let k(g) = 14544*g**3 + 20*g - 20. What are the prime factors of k(1)?
2, 3, 101
What are the prime factors of -4 - (2 + 6770)*(-13 - -7)/3?
2, 5, 677
Let v be 3*(-16)/(-6) - 5. Suppose 5*w + 521 = v*r + r, 5*r = 4*w + 415. What are the prime factors of ((-6)/9)/(10/w)?
7
Let o(u) = 78*u**2 + 28*u - 54. Let z be o(9). Suppose -9*k + z = -0*k. What are the prime factors of k?
2, 181
Let o = 66 - 71. What are the prime factors of ((-271)/o)/(2/10)?
271
Let t(f) = -4*f**3 + 9*f**2 + 13*f + 9. Suppose 25 = -6*d + d. What are the prime factors of t(d)?
3, 223
Suppose -5*a - 5*w + 88550 = 0, 3*a - 32849 = 4*w + 20274. List the prime factors of a.
3, 5903
Suppose a + 4*a - 520 = 4*k, -3*k - 3*a - 390 = 0. Let v = k - -870. List the prime factors of v.
2, 5, 37
Let i be ((-18786)/9)/(3 + (-42)/18). Let f = -2174 - i. What are the prime factors of f?
3, 11, 29
Let t = 38225 - 17031. List the prime factors of t.
2, 10597
Let g = 77977 - 49684. List the prime factors of g.
3, 9431
Let m(t) = -7*t**3 + 37*t**2 + 6*t + 10. Let y be m(7). Let h = 996 + y. List the prime factors of h.
2, 5, 23
Let s(h) = -33*h**3 - 7*h**2 - 21*h - 21. What are the prime factors of s(-5)?
2, 2017
Let b = -208 + 229. What are the prime factors of (-157)/(-2) + b/(-14)?
7, 11
Suppose -5*c + 6204 = -1221. Suppose -c = -3*o + 642. What are the prime factors of o?
709
Suppose -129 + 4140 = 4*z - 6873. List the prime factors of z.
3, 907
Suppose -311*m + 5*f = -306*m - 228235, 5*f = -4*m + 182525. What are the prime factors of m?
2, 5, 7, 163
Let z(b) = -557*b + 418. What are the prime factors of z(-14)?
2, 13, 79
What are the prime factors of (-5042676)/76*1/(-3)?
17, 1301
Let y(k) = 204*k - 585. What are the prime factors of y(18)?
3, 7
Suppose 2626288 = 238*k - 126*k. What are the prime factors of k?
131, 179
Let v = -1379 + 2057. What are the prime factors of v?
2, 3, 113
Let o(p) = p + 1. Let z be o(-18). Suppose 0 = -3*i, -4*g = -g + i. List the prime factors of (-10 - g)/(z/221).
2, 5, 13
Suppose -34 = 4*h - 3*s, 5*h + 36 = -5*s - 24. Let y(u) = -17*u - 17. List the prime factors of y(h).
3, 17
Suppose -657 = 298*h - 307*h. Suppose -h*r + 77*r = 112. What are the prime factors of r?
2, 7
Let p be (125/(-20) + -5)*4. Let y = p - -45. Suppose -5*t - 2*g - 88 + 418 = 0, -4*t - 2*g + 266 = y. List the prime factors of t.
2
Let z = 11494 - -28404. List the prime factors of z.
2, 19949
Let d(j) = j**2 + 3*j + 67. Suppose 2*o + 63 = -o. List the prime factors of d(o).
5, 89
Let o(j) = 2*j - 100. Let k be o(34). List the prime factors of (5727/(-92))/(6/k).
2, 83
Suppose -3*x + 0*x - 103 = -5*l, 0 = -2*x + 4*l - 68. Let r = x - -40. Suppose 2*p + 64 = r*p. List the prime factors of p.
2
Let r(t) = 374*t - 275. Let d be 4/6 + 2360/24. Let h(j) = -15*j + 11. Let z(x) = d*h(x) + 4*r(x). What are the prime factors of z(7)?
2, 3, 11
Suppose -4*x + 3*x = p - 51, -4*p + 4 = 0. Suppose 0*q + 5*b = 3*q - x, 120 = 4*q + 4*b. What are the prime factors of (20/q)/((-4)/(-890))?
2, 89
Let j be 6/(-2) + 5 + -4. Let r be j/(2 + -3) + 1*3. Suppose -r*h + 338 = -h + 2*c, -c = -h + 80. What are the prime factors of h?
83
Let a = -878 - -331. Let t = -332 - a. What are the prime factors of t?
5, 43
List the prime factors of (-13 - 17619/(-84))/((2/(-200))/(-1)).
5, 787
Suppose -5*n - 20 = -0*n, -4*c = -n. Let q be 49 - (-3 - (-3 + -2)). Let m = q + c. What are the prime factors of m?
2, 23
Let j(a) = 127*a**2 - 46*a - 40. Let i be j(-1). Suppose 0 = 4*q + 3*v - 5*v - 204, 0 = -4*q - v + 210. Let m = i - q. List the prime factors of m.
3
Let y(w) = 9*w**2 + 32*w - 27. Let g be y(13). List the prime factors of g/14 + 4/7.
137
Let k(f) = f**3 + 4*f**2 - f + 5. Let t be k(5). Let b = -204 + t. What are the prime factors of b?
3, 7
Suppose 0 = -33*i + 38*i + 140. What are the prime factors of 150 + 0 + i + 33?
5, 31
Suppose -8*p + 416 + 768 = 0. Suppose 156*c - 6112 = p*c. What are the prime factors of c?
2, 191
Suppo